{"id":72,"date":"2026-04-06T18:16:02","date_gmt":"2026-04-06T18:16:02","guid":{"rendered":"https:\/\/stoic-mclean.92-205-189-166.plesk.page\/?page_id=72"},"modified":"2026-04-09T15:01:57","modified_gmt":"2026-04-09T15:01:57","slug":"gutachten","status":"publish","type":"page","link":"https:\/\/stoic-mclean.92-205-189-166.plesk.page\/index.php\/gutachten\/","title":{"rendered":"Gutachten"},"content":{"rendered":"\n<figure class=\"wp-block-image alignfull size-full\"><img loading=\"lazy\" decoding=\"async\" width=\"1950\" height=\"360\" src=\"https:\/\/stoic-mclean.92-205-189-166.plesk.page\/wp-content\/uploads\/2026\/04\/headpic_02.jpg\" alt=\"\" class=\"wp-image-330\" srcset=\"https:\/\/stoic-mclean.92-205-189-166.plesk.page\/wp-content\/uploads\/2026\/04\/headpic_02.jpg 1950w, https:\/\/stoic-mclean.92-205-189-166.plesk.page\/wp-content\/uploads\/2026\/04\/headpic_02-300x55.jpg 300w, https:\/\/stoic-mclean.92-205-189-166.plesk.page\/wp-content\/uploads\/2026\/04\/headpic_02-1024x189.jpg 1024w, https:\/\/stoic-mclean.92-205-189-166.plesk.page\/wp-content\/uploads\/2026\/04\/headpic_02-768x142.jpg 768w, https:\/\/stoic-mclean.92-205-189-166.plesk.page\/wp-content\/uploads\/2026\/04\/headpic_02-1536x284.jpg 1536w\" sizes=\"auto, (max-width: 1950px) 100vw, 1950px\" \/><\/figure>\n\n\n\n<div style=\"height:23px\" aria-hidden=\"true\" class=\"wp-block-spacer\"><\/div>\n\n\n\n<p class=\"has-text-align-center is-style-text-subtitle has-background has-large-font-size is-style-text-subtitle--1\" style=\"background-color:#ebf3f3\">Warum ein <strong>Gutachten<\/strong><\/p>\n\n\n\n<div style=\"height:30px\" aria-hidden=\"true\" class=\"wp-block-spacer\"><\/div>\n\n\n\n<p class=\"has-text-align-center\" style=\"font-style:normal;font-weight:600\">Anl\u00e4sse f\u00fcr ein Gutachten:<\/p>\n\n\n\n<p class=\"has-text-align-center\">Erbschaft und Schenkung: Der Immobilienwert ist entscheidend. Wie viel bekommen die Miterben? Wie hoch ist die Erbschaftssteuer?<\/p>\n\n\n\n<p class=\"has-text-align-center\">Scheidung: Eine Scheidung liefert in vielen F\u00e4llen Z\u00fcndstoff f\u00fcr Streitigkeiten. Wer hat wieviel in die gemeinsame Immobilie eingebracht? Welche Faktoren m\u00fcssen Sie bei der Bewertung ber\u00fccksichtigen?<\/p>\n\n\n\n<p class=\"has-text-align-center\">An- und Verkauf: Der richtige Preis, zur richtigen Zeit. Sie wollen eine Immobilie an- oder verkaufen? Sie m\u00f6chten wissen, welcher Kauf- oder Verkaufspreis realistisch ist?<\/p>\n\n\n\n<p class=\"has-text-align-center\">Plausibilit\u00e4tspr\u00fcfung: Ein Gutachten muss schl\u00fcssig sein. Sie m\u00f6chten wissen, ob ein ermittelter Wert eines Gutachtens richtig ist oder die Schlussfolgerungen korrekt sind?<\/p>\n\n\n\n<p class=\"has-text-align-center\">Betreuung und Pflegschaft: Handeln in Vertretung. Sie \u00fcbernehmen die Nachlasspflegschaft f\u00fcr einen unbekannten Erben oder vertreten eine beeintr\u00e4chtigte Person beim Verkauf einer Immobilie?<\/p>\n\n\n\n<p class=\"has-text-align-center\">Portfoliobewertung: Sie wollen eine Bewertung Ihres Immobilienportfolios mit optimalem Zeitaufwand, vertretbaren Kosten und geringstm\u00f6glichem Risiko?<\/p>\n\n\n\n<p class=\"has-text-align-center is-style-text-subtitle has-background has-large-font-size is-style-text-subtitle--2\" style=\"background-color:#ebf3f3\">Dann kommen wir ins Spiel.<\/p>\n\n\n\n<div style=\"height:53px\" aria-hidden=\"true\" class=\"wp-block-spacer\"><\/div>\n\n\n\n<p class=\"has-text-align-center\" style=\"font-style:normal;font-weight:600\">Diese Geb\u00e4udearten bewerten wir f\u00fcr Sie:<\/p>\n\n\n\n<div class=\"wp-block-columns is-layout-flex wp-container-core-columns-is-layout-28f84493 wp-block-columns-is-layout-flex\">\n<div class=\"wp-block-column is-layout-flow wp-block-column-is-layout-flow\">\n<ul class=\"wp-block-list\">\n<li>Ein- und Zweifamilienh\u00e4user\n<ul class=\"wp-block-list\">\n<li>Freistehendes Einfamilienhaus<\/li>\n\n\n\n<li>Doppelhaush\u00e4lfte<\/li>\n\n\n\n<li>Reihenmittelhaus<\/li>\n\n\n\n<li>Reihenendhaus<\/li>\n\n\n\n<li>Bungalow<\/li>\n<\/ul>\n<\/li>\n\n\n\n<li>Wohnungen\n<ul class=\"wp-block-list\">\n<li>Eigentumswohnungen<\/li>\n\n\n\n<li>Ferienwohnungen<\/li>\n<\/ul>\n<\/li>\n\n\n\n<li>Mehrfamilienh\u00e4user\n<ul class=\"wp-block-list\">\n<li>Mehrfamilienh\u00e4user ab drei Wohneinheiten<\/li>\n\n\n\n<li>Wohn- und Gesch\u00e4ftsh\u00e4user<\/li>\n<\/ul>\n<\/li>\n<\/ul>\n<\/div>\n\n\n\n<div class=\"wp-block-column is-layout-flow wp-block-column-is-layout-flow\">\n<ul class=\"wp-block-list\">\n<li>Gewerbeimmobilien\n<ul class=\"wp-block-list\">\n<li>Betreiberimmobilien (z.B. Tankstellen)<\/li>\n\n\n\n<li>Hotelgeb\u00e4ude<\/li>\n\n\n\n<li>Gastronomiebetriebe<\/li>\n\n\n\n<li>Einkaufszentren<\/li>\n\n\n\n<li>Freizeitimmobilien<\/li>\n\n\n\n<li>B\u00fcro\/Einzelhandel<\/li>\n\n\n\n<li>Industrieanlagen<\/li>\n\n\n\n<li>Lagerhallen<\/li>\n<\/ul>\n<\/li>\n<\/ul>\n<\/div>\n<\/div>\n\n\n\n<hr class=\"wp-block-separator has-alpha-channel-opacity is-style-wide is-style-wide--3\" style=\"margin-top:var(--wp--preset--spacing--60);margin-bottom:var(--wp--preset--spacing--60)\"\/>\n\n\n\n<p class=\"has-text-align-center\" style=\"font-style:normal;font-weight:600\">Verkehrswertgutachten Ihrer Immobilie<\/p>\n\n\n\n<p class=\"has-text-align-center\">Ein Verkehrswertgutachten liefert Ihnen verl\u00e4ssliche Aussagen zum Marktwert Ihrer Immobilie. Das Gutachten simuliert gewisserma\u00dfen den Verkauf oder Kauf und orientiert sich an der Frage: Welchen Preis erzielt die Immobilie bei einem sp\u00e4teren Verkauf? Oder: zu welchem Preis kann die Immobilie zu einem sp\u00e4teren Zeitpunkt erworben werden?<\/p>\n\n\n\n<p class=\"has-text-align-center\">Ein Vollgutachten bewahrt Sie vor Fehlentscheidungen und erm\u00f6glicht Ihnen den Kauf oder Verkauf Ihrer Immobilie zu einem marktkonformen Preis. Wir ber\u00fccksichtigen dabei alle anfallenden Investitionen und potentielle Schwachstellen des Geb\u00e4udes.<\/p>\n\n\n\n<div style=\"height:23px\" aria-hidden=\"true\" class=\"wp-block-spacer\"><\/div>\n\n\n\n<p class=\"has-text-align-center is-style-text-subtitle has-background has-large-font-size is-style-text-subtitle--4\" style=\"background-color:#ebf3f3\">Der Verkehrswert einer Immobilie ist ihr Marktwert<\/p>\n\n\n\n<div style=\"height:30px\" aria-hidden=\"true\" class=\"wp-block-spacer\"><\/div>\n\n\n\n<p class=\"has-text-align-center\">Der Marktwert ist der gebr\u00e4uchliche und internationale Begriff f\u00fcr den Verkehrswert. Ein Marktwertgutachten f\u00fcr eine Immobilie entspricht dem Verkehrswertgutachten gem\u00e4\u00df \u00a7 194 BauGB. Wir erstellen es nach den Ma\u00dfst\u00e4ben der ImmoWert.<\/p>\n\n\n\n<p class=\"has-text-align-center\">Neben Daten der Gutachteraussch\u00fcsse haben zahlreiche Wertfaktoren wie beispielsweise die Bausubstanz oder die Lage Einfluss auf den Marktwert einer Immobilie.<\/p>\n\n\n\n<p class=\"has-text-align-center\">F\u00fcr die Ermittlung des Verkehrswertes gibt es im Deutschen Recht verschiedene Wertermittlungsverfahren: das Vergleichswertverfahren, das Ertragswertverfahren und das Sachwertverfahren.<\/p>\n\n\n\n<p class=\"has-text-align-center\">Welches in Ihrem individuellen Fall Anwendung findet und warum, erfahren Sie im Beratungsgespr\u00e4ch.<\/p>\n\n\n\n<div style=\"height:41px\" aria-hidden=\"true\" class=\"wp-block-spacer\"><\/div>\n\n\n\n<p class=\"has-text-align-center\" style=\"font-style:normal;font-weight:600\">Die wichtigsten Anl\u00e4sse f\u00fcr ein Verkehrswertgutachten:<\/p>\n\n\n\n<div class=\"wp-block-columns is-layout-flex wp-container-core-columns-is-layout-28f84493 wp-block-columns-is-layout-flex\">\n<div class=\"wp-block-column is-layout-flow wp-block-column-is-layout-flow\" style=\"flex-basis:25%\"><\/div>\n\n\n\n<div class=\"wp-block-column is-layout-flow wp-block-column-is-layout-flow\" style=\"flex-basis:50%\">\n<ul class=\"wp-block-list\">\n<li>Erbschaft<\/li>\n\n\n\n<li>Schenkung<\/li>\n\n\n\n<li>Scheidung<\/li>\n\n\n\n<li>Zwangsversteigerung<\/li>\n\n\n\n<li>Verm\u00f6gensaufstellung<\/li>\n\n\n\n<li>Steuerliche\/ bilanzielle Zwecke<\/li>\n<\/ul>\n<\/div>\n\n\n\n<div class=\"wp-block-column is-layout-flow wp-block-column-is-layout-flow\" style=\"flex-basis:25%\"><\/div>\n<\/div>\n\n\n\n<div style=\"height:45px\" aria-hidden=\"true\" class=\"wp-block-spacer\"><\/div>\n\n\n\n<p class=\"has-text-align-center\" style=\"font-style:normal;font-weight:600\">Diese Unterlagen brauchen Sie f\u00fcr ein Verkehrswertgutachten:<\/p>\n\n\n\n<div class=\"wp-block-columns is-layout-flex wp-container-core-columns-is-layout-28f84493 wp-block-columns-is-layout-flex\">\n<div class=\"wp-block-column is-layout-flow wp-block-column-is-layout-flow\" style=\"flex-basis:25%\"><\/div>\n\n\n\n<div class=\"wp-block-column is-layout-flow wp-block-column-is-layout-flow\" style=\"flex-basis:50%\">\n<ul class=\"wp-block-list\">\n<li>Grundbuchauszug23<\/li>\n\n\n\n<li>Flurkartenauszug<\/li>\n\n\n\n<li>Baulastenauskunft<\/li>\n\n\n\n<li>Korrekte Fl\u00e4chenangaben des Geb\u00e4udes: Wohn- und Nutzfl\u00e4chen sowie die Bruttogrundfl\u00e4che (BGF)<\/li>\n\n\n\n<li>Aktuelle Grundrisse<\/li>\n<\/ul>\n<\/div>\n\n\n\n<div class=\"wp-block-column is-layout-flow wp-block-column-is-layout-flow\" style=\"flex-basis:25%\"><\/div>\n<\/div>\n\n\n\n<div style=\"height:40px\" aria-hidden=\"true\" class=\"wp-block-spacer\"><\/div>\n\n\n\n<p class=\"has-text-align-center\">Wir begleiten Sie im gesamten Prozess: Sie finden Beh\u00f6rdeng\u00e4nge l\u00e4stig? Dann \u00fcbernehmen wir die Zusammenstellung der notwendigen Dokumente f\u00fcr Sie.<\/p>\n","protected":false},"excerpt":{"rendered":"<p>Warum ein Gutachten Anl\u00e4sse f\u00fcr ein Gutachten: Erbschaft und Schenkung: Der Immobilienwert ist entscheidend. Wie viel bekommen die Miterben? Wie hoch ist die Erbschaftssteuer? Scheidung: Eine Scheidung liefert in vielen F\u00e4llen Z\u00fcndstoff f\u00fcr Streitigkeiten. Wer hat wieviel in die gemeinsame Immobilie eingebracht? Welche Faktoren m\u00fcssen Sie bei der Bewertung ber\u00fccksichtigen? An- und Verkauf: Der richtige [&hellip;]<\/p>\n","protected":false},"author":1,"featured_media":0,"parent":0,"menu_order":0,"comment_status":"closed","ping_status":"closed","template":"page-no-title","meta":{"footnotes":""},"class_list":["post-72","page","type-page","status-publish","hentry"],"yoast_head":"<!-- This site is optimized with the Yoast SEO plugin v27.3 - https:\/\/yoast.com\/product\/yoast-seo-wordpress\/ -->\n<title>Gutachten - FERO Immobilien<\/title>\n<meta name=\"robots\" content=\"noindex, follow, max-snippet:-1, max-image-preview:large, max-video-preview:-1\" \/>\n<meta property=\"og:locale\" content=\"de_DE\" \/>\n<meta property=\"og:type\" content=\"article\" \/>\n<meta property=\"og:title\" content=\"Gutachten - FERO Immobilien\" \/>\n<meta property=\"og:description\" content=\"Warum ein Gutachten Anl\u00e4sse f\u00fcr ein Gutachten: Erbschaft und Schenkung: Der Immobilienwert ist entscheidend. Wie viel bekommen die Miterben? Wie hoch ist die Erbschaftssteuer? Scheidung: Eine Scheidung liefert in vielen F\u00e4llen Z\u00fcndstoff f\u00fcr Streitigkeiten. Wer hat wieviel in die gemeinsame Immobilie eingebracht? Welche Faktoren m\u00fcssen Sie bei der Bewertung ber\u00fccksichtigen? An- und Verkauf: Der richtige [&hellip;]\" \/>\n<meta property=\"og:url\" content=\"https:\/\/stoic-mclean.92-205-189-166.plesk.page\/index.php\/gutachten\/\" \/>\n<meta property=\"og:site_name\" content=\"FERO Immobilien\" \/>\n<meta property=\"article:modified_time\" content=\"2026-04-09T15:01:57+00:00\" \/>\n<meta property=\"og:image\" content=\"https:\/\/stoic-mclean.92-205-189-166.plesk.page\/wp-content\/uploads\/2026\/04\/headpic_02.jpg\" \/>\n\t<meta property=\"og:image:width\" content=\"1950\" \/>\n\t<meta property=\"og:image:height\" content=\"360\" \/>\n\t<meta property=\"og:image:type\" content=\"image\/jpeg\" \/>\n<meta name=\"twitter:card\" content=\"summary_large_image\" \/>\n<meta name=\"twitter:label1\" content=\"Gesch\u00e4tzte Lesezeit\" \/>\n\t<meta name=\"twitter:data1\" content=\"3\u00a0Minuten\" \/>\n<script type=\"application\/ld+json\" class=\"yoast-schema-graph\">{\"@context\":\"https:\\\/\\\/schema.org\",\"@graph\":[{\"@type\":\"WebPage\",\"@id\":\"https:\\\/\\\/stoic-mclean.92-205-189-166.plesk.page\\\/index.php\\\/gutachten\\\/\",\"url\":\"https:\\\/\\\/stoic-mclean.92-205-189-166.plesk.page\\\/index.php\\\/gutachten\\\/\",\"name\":\"Gutachten - FERO Immobilien\",\"isPartOf\":{\"@id\":\"https:\\\/\\\/stoic-mclean.92-205-189-166.plesk.page\\\/#website\"},\"primaryImageOfPage\":{\"@id\":\"https:\\\/\\\/stoic-mclean.92-205-189-166.plesk.page\\\/index.php\\\/gutachten\\\/#primaryimage\"},\"image\":{\"@id\":\"https:\\\/\\\/stoic-mclean.92-205-189-166.plesk.page\\\/index.php\\\/gutachten\\\/#primaryimage\"},\"thumbnailUrl\":\"https:\\\/\\\/stoic-mclean.92-205-189-166.plesk.page\\\/wp-content\\\/uploads\\\/2026\\\/04\\\/headpic_02.jpg\",\"datePublished\":\"2026-04-06T18:16:02+00:00\",\"dateModified\":\"2026-04-09T15:01:57+00:00\",\"breadcrumb\":{\"@id\":\"https:\\\/\\\/stoic-mclean.92-205-189-166.plesk.page\\\/index.php\\\/gutachten\\\/#breadcrumb\"},\"inLanguage\":\"de\",\"potentialAction\":[{\"@type\":\"ReadAction\",\"target\":[\"https:\\\/\\\/stoic-mclean.92-205-189-166.plesk.page\\\/index.php\\\/gutachten\\\/\"]}]},{\"@type\":\"ImageObject\",\"inLanguage\":\"de\",\"@id\":\"https:\\\/\\\/stoic-mclean.92-205-189-166.plesk.page\\\/index.php\\\/gutachten\\\/#primaryimage\",\"url\":\"https:\\\/\\\/stoic-mclean.92-205-189-166.plesk.page\\\/wp-content\\\/uploads\\\/2026\\\/04\\\/headpic_02.jpg\",\"contentUrl\":\"https:\\\/\\\/stoic-mclean.92-205-189-166.plesk.page\\\/wp-content\\\/uploads\\\/2026\\\/04\\\/headpic_02.jpg\",\"width\":1950,\"height\":360},{\"@type\":\"BreadcrumbList\",\"@id\":\"https:\\\/\\\/stoic-mclean.92-205-189-166.plesk.page\\\/index.php\\\/gutachten\\\/#breadcrumb\",\"itemListElement\":[{\"@type\":\"ListItem\",\"position\":1,\"name\":\"Start\",\"item\":\"https:\\\/\\\/stoic-mclean.92-205-189-166.plesk.page\\\/\"},{\"@type\":\"ListItem\",\"position\":2,\"name\":\"Gutachten\"}]},{\"@type\":\"WebSite\",\"@id\":\"https:\\\/\\\/stoic-mclean.92-205-189-166.plesk.page\\\/#website\",\"url\":\"https:\\\/\\\/stoic-mclean.92-205-189-166.plesk.page\\\/\",\"name\":\"FERO Immobilien\",\"description\":\"\u2713 Immobilien direkt vom Profi\",\"publisher\":{\"@id\":\"https:\\\/\\\/stoic-mclean.92-205-189-166.plesk.page\\\/#organization\"},\"potentialAction\":[{\"@type\":\"SearchAction\",\"target\":{\"@type\":\"EntryPoint\",\"urlTemplate\":\"https:\\\/\\\/stoic-mclean.92-205-189-166.plesk.page\\\/?s={search_term_string}\"},\"query-input\":{\"@type\":\"PropertyValueSpecification\",\"valueRequired\":true,\"valueName\":\"search_term_string\"}}],\"inLanguage\":\"de\"},{\"@type\":\"Organization\",\"@id\":\"https:\\\/\\\/stoic-mclean.92-205-189-166.plesk.page\\\/#organization\",\"name\":\"FERO Immobilien\",\"url\":\"https:\\\/\\\/stoic-mclean.92-205-189-166.plesk.page\\\/\",\"logo\":{\"@type\":\"ImageObject\",\"inLanguage\":\"de\",\"@id\":\"https:\\\/\\\/stoic-mclean.92-205-189-166.plesk.page\\\/#\\\/schema\\\/logo\\\/image\\\/\",\"url\":\"https:\\\/\\\/stoic-mclean.92-205-189-166.plesk.page\\\/wp-content\\\/uploads\\\/2026\\\/02\\\/fero-logo-quer.png\",\"contentUrl\":\"https:\\\/\\\/stoic-mclean.92-205-189-166.plesk.page\\\/wp-content\\\/uploads\\\/2026\\\/02\\\/fero-logo-quer.png\",\"width\":276,\"height\":97,\"caption\":\"FERO Immobilien\"},\"image\":{\"@id\":\"https:\\\/\\\/stoic-mclean.92-205-189-166.plesk.page\\\/#\\\/schema\\\/logo\\\/image\\\/\"}}]}<\/script>\n<!-- \/ Yoast SEO plugin. -->","yoast_head_json":{"title":"Gutachten - FERO Immobilien","robots":{"index":"noindex","follow":"follow","max-snippet":"max-snippet:-1","max-image-preview":"max-image-preview:large","max-video-preview":"max-video-preview:-1"},"og_locale":"de_DE","og_type":"article","og_title":"Gutachten - FERO Immobilien","og_description":"Warum ein Gutachten Anl\u00e4sse f\u00fcr ein Gutachten: Erbschaft und Schenkung: Der Immobilienwert ist entscheidend. Wie viel bekommen die Miterben? Wie hoch ist die Erbschaftssteuer? Scheidung: Eine Scheidung liefert in vielen F\u00e4llen Z\u00fcndstoff f\u00fcr Streitigkeiten. Wer hat wieviel in die gemeinsame Immobilie eingebracht? Welche Faktoren m\u00fcssen Sie bei der Bewertung ber\u00fccksichtigen? An- und Verkauf: Der richtige [&hellip;]","og_url":"https:\/\/stoic-mclean.92-205-189-166.plesk.page\/index.php\/gutachten\/","og_site_name":"FERO Immobilien","article_modified_time":"2026-04-09T15:01:57+00:00","og_image":[{"width":1950,"height":360,"url":"https:\/\/stoic-mclean.92-205-189-166.plesk.page\/wp-content\/uploads\/2026\/04\/headpic_02.jpg","type":"image\/jpeg"}],"twitter_card":"summary_large_image","twitter_misc":{"Gesch\u00e4tzte Lesezeit":"3\u00a0Minuten"},"schema":{"@context":"https:\/\/schema.org","@graph":[{"@type":"WebPage","@id":"https:\/\/stoic-mclean.92-205-189-166.plesk.page\/index.php\/gutachten\/","url":"https:\/\/stoic-mclean.92-205-189-166.plesk.page\/index.php\/gutachten\/","name":"Gutachten - FERO Immobilien","isPartOf":{"@id":"https:\/\/stoic-mclean.92-205-189-166.plesk.page\/#website"},"primaryImageOfPage":{"@id":"https:\/\/stoic-mclean.92-205-189-166.plesk.page\/index.php\/gutachten\/#primaryimage"},"image":{"@id":"https:\/\/stoic-mclean.92-205-189-166.plesk.page\/index.php\/gutachten\/#primaryimage"},"thumbnailUrl":"https:\/\/stoic-mclean.92-205-189-166.plesk.page\/wp-content\/uploads\/2026\/04\/headpic_02.jpg","datePublished":"2026-04-06T18:16:02+00:00","dateModified":"2026-04-09T15:01:57+00:00","breadcrumb":{"@id":"https:\/\/stoic-mclean.92-205-189-166.plesk.page\/index.php\/gutachten\/#breadcrumb"},"inLanguage":"de","potentialAction":[{"@type":"ReadAction","target":["https:\/\/stoic-mclean.92-205-189-166.plesk.page\/index.php\/gutachten\/"]}]},{"@type":"ImageObject","inLanguage":"de","@id":"https:\/\/stoic-mclean.92-205-189-166.plesk.page\/index.php\/gutachten\/#primaryimage","url":"https:\/\/stoic-mclean.92-205-189-166.plesk.page\/wp-content\/uploads\/2026\/04\/headpic_02.jpg","contentUrl":"https:\/\/stoic-mclean.92-205-189-166.plesk.page\/wp-content\/uploads\/2026\/04\/headpic_02.jpg","width":1950,"height":360},{"@type":"BreadcrumbList","@id":"https:\/\/stoic-mclean.92-205-189-166.plesk.page\/index.php\/gutachten\/#breadcrumb","itemListElement":[{"@type":"ListItem","position":1,"name":"Start","item":"https:\/\/stoic-mclean.92-205-189-166.plesk.page\/"},{"@type":"ListItem","position":2,"name":"Gutachten"}]},{"@type":"WebSite","@id":"https:\/\/stoic-mclean.92-205-189-166.plesk.page\/#website","url":"https:\/\/stoic-mclean.92-205-189-166.plesk.page\/","name":"FERO Immobilien","description":"\u2713 Immobilien direkt vom Profi","publisher":{"@id":"https:\/\/stoic-mclean.92-205-189-166.plesk.page\/#organization"},"potentialAction":[{"@type":"SearchAction","target":{"@type":"EntryPoint","urlTemplate":"https:\/\/stoic-mclean.92-205-189-166.plesk.page\/?s={search_term_string}"},"query-input":{"@type":"PropertyValueSpecification","valueRequired":true,"valueName":"search_term_string"}}],"inLanguage":"de"},{"@type":"Organization","@id":"https:\/\/stoic-mclean.92-205-189-166.plesk.page\/#organization","name":"FERO Immobilien","url":"https:\/\/stoic-mclean.92-205-189-166.plesk.page\/","logo":{"@type":"ImageObject","inLanguage":"de","@id":"https:\/\/stoic-mclean.92-205-189-166.plesk.page\/#\/schema\/logo\/image\/","url":"https:\/\/stoic-mclean.92-205-189-166.plesk.page\/wp-content\/uploads\/2026\/02\/fero-logo-quer.png","contentUrl":"https:\/\/stoic-mclean.92-205-189-166.plesk.page\/wp-content\/uploads\/2026\/02\/fero-logo-quer.png","width":276,"height":97,"caption":"FERO Immobilien"},"image":{"@id":"https:\/\/stoic-mclean.92-205-189-166.plesk.page\/#\/schema\/logo\/image\/"}}]}},"_links":{"self":[{"href":"https:\/\/stoic-mclean.92-205-189-166.plesk.page\/index.php\/wp-json\/wp\/v2\/pages\/72","targetHints":{"allow":["GET"]}}],"collection":[{"href":"https:\/\/stoic-mclean.92-205-189-166.plesk.page\/index.php\/wp-json\/wp\/v2\/pages"}],"about":[{"href":"https:\/\/stoic-mclean.92-205-189-166.plesk.page\/index.php\/wp-json\/wp\/v2\/types\/page"}],"author":[{"embeddable":true,"href":"https:\/\/stoic-mclean.92-205-189-166.plesk.page\/index.php\/wp-json\/wp\/v2\/users\/1"}],"replies":[{"embeddable":true,"href":"https:\/\/stoic-mclean.92-205-189-166.plesk.page\/index.php\/wp-json\/wp\/v2\/comments?post=72"}],"version-history":[{"count":37,"href":"https:\/\/stoic-mclean.92-205-189-166.plesk.page\/index.php\/wp-json\/wp\/v2\/pages\/72\/revisions"}],"predecessor-version":[{"id":332,"href":"https:\/\/stoic-mclean.92-205-189-166.plesk.page\/index.php\/wp-json\/wp\/v2\/pages\/72\/revisions\/332"}],"wp:attachment":[{"href":"https:\/\/stoic-mclean.92-205-189-166.plesk.page\/index.php\/wp-json\/wp\/v2\/media?parent=72"}],"curies":[{"name":"wp","href":"https:\/\/api.w.org\/{rel}","templated":true}]}}